{"id":7,"date":"2019-12-11T15:58:13","date_gmt":"2019-12-11T15:58:13","guid":{"rendered":"https:\/\/medical-fit-viersen.de\/?page_id=7"},"modified":"2019-12-11T16:04:08","modified_gmt":"2019-12-11T16:04:08","slug":"impressum","status":"publish","type":"page","link":"https:\/\/medical-fit-viersen.de\/index.php\/impressum\/","title":{"rendered":"Impressum"},"content":{"rendered":"\t\t<div data-elementor-type=\"wp-page\" data-elementor-id=\"7\" class=\"elementor elementor-7\">\n\t\t\t\t\t\t<section class=\"elementor-section elementor-top-section elementor-element elementor-element-ca27a47 elementor-section-boxed elementor-section-height-default elementor-section-height-default\" data-id=\"ca27a47\" data-element_type=\"section\">\n\t\t\t\t\t\t<div class=\"elementor-container elementor-column-gap-default\">\n\t\t\t\t\t<div class=\"elementor-column elementor-col-100 elementor-top-column elementor-element elementor-element-7a4760c\" data-id=\"7a4760c\" data-element_type=\"column\">\n\t\t\t<div class=\"elementor-widget-wrap elementor-element-populated\">\n\t\t\t\t\t\t<div class=\"elementor-element elementor-element-76e7424 elementor-widget elementor-widget-text-editor\" data-id=\"76e7424\" data-element_type=\"widget\" data-widget_type=\"text-editor.default\">\n\t\t\t\t<div class=\"elementor-widget-container\">\n\t\t\t\t\t\t\t<div>\n<h1>Impressum<\/h1>\n<h3>Angaben&nbsp;gem\u00e4\u00df&nbsp;\u00a7&nbsp;5&nbsp;TMG<\/h3>\n<p><strong>Medical Fit<\/strong><br>Ali Cicek &amp; Mischa Lamerz<br>Bahnhofstra\u00dfe 51<br>41747 Viersen<\/p>\n<h3>Kontakt<\/h3>\n<p>Telefon: 0176 21051812<br>E-Mail: info@medical-fit.de<\/p>\n<h3>Streitschlichtung<\/h3>\n<p>Die&nbsp;Europ\u00e4ische&nbsp;Kommission&nbsp;stellt&nbsp;eine&nbsp;Plattform&nbsp;zur&nbsp;Online-Streitbeilegung&nbsp;(OS)&nbsp;bereit:&nbsp;<a href=\"https:\/\/ec.europa.eu\/consumers\/odr\" target=\"_blank\" rel=\"noopener noreferrer\">https:\/\/ec.europa.eu\/consumers\/odr<\/a>.<br>Unsere&nbsp;E-Mail-Adresse&nbsp;finden&nbsp;Sie&nbsp;oben&nbsp;im&nbsp;Impressum.<\/p>\n<p>Wir&nbsp;sind&nbsp;nicht&nbsp;bereit&nbsp;oder&nbsp;verpflichtet,&nbsp;an&nbsp;Streitbeilegungsverfahren&nbsp;vor&nbsp;einer&nbsp;Verbraucherschlichtungsstelle&nbsp;teilzunehmen.<\/p>\n<h3>Haftung&nbsp;f\u00fcr&nbsp;Inhalte<\/h3>\n<p>Als&nbsp;Diensteanbieter&nbsp;sind&nbsp;wir&nbsp;gem\u00e4\u00df&nbsp;\u00a7&nbsp;7&nbsp;Abs.1&nbsp;TMG&nbsp;f\u00fcr&nbsp;eigene&nbsp;Inhalte&nbsp;auf&nbsp;diesen&nbsp;Seiten&nbsp;nach&nbsp;den&nbsp;allgemeinen&nbsp;Gesetzen&nbsp;verantwortlich.&nbsp;Nach&nbsp;\u00a7\u00a7&nbsp;8&nbsp;bis&nbsp;10&nbsp;TMG&nbsp;sind&nbsp;wir&nbsp;als&nbsp;Diensteanbieter&nbsp;jedoch&nbsp;nicht&nbsp;verpflichtet,&nbsp;\u00fcbermittelte&nbsp;oder&nbsp;gespeicherte&nbsp;fremde&nbsp;Informationen&nbsp;zu&nbsp;\u00fcberwachen&nbsp;oder&nbsp;nach&nbsp;Umst\u00e4nden&nbsp;zu&nbsp;forschen,&nbsp;die&nbsp;auf&nbsp;eine&nbsp;rechtswidrige&nbsp;T\u00e4tigkeit&nbsp;hinweisen.<\/p>\n<p>Verpflichtungen&nbsp;zur&nbsp;Entfernung&nbsp;oder&nbsp;Sperrung&nbsp;der&nbsp;Nutzung&nbsp;von&nbsp;Informationen&nbsp;nach&nbsp;den&nbsp;allgemeinen&nbsp;Gesetzen&nbsp;bleiben&nbsp;hiervon&nbsp;unber\u00fchrt.&nbsp;Eine&nbsp;diesbez\u00fcgliche&nbsp;Haftung&nbsp;ist&nbsp;jedoch&nbsp;erst&nbsp;ab&nbsp;dem&nbsp;Zeitpunkt&nbsp;der&nbsp;Kenntnis&nbsp;einer&nbsp;konkreten&nbsp;Rechtsverletzung&nbsp;m\u00f6glich.&nbsp;Bei&nbsp;Bekanntwerden&nbsp;von&nbsp;entsprechenden&nbsp;Rechtsverletzungen&nbsp;werden&nbsp;wir&nbsp;diese&nbsp;Inhalte&nbsp;umgehend&nbsp;entfernen.<\/p>\n<h3>Haftung f\u00fcr Links<\/h3>\n<p>Unser&nbsp;Angebot&nbsp;enth\u00e4lt&nbsp;Links&nbsp;zu&nbsp;externen&nbsp;Websites&nbsp;Dritter,&nbsp;auf&nbsp;deren&nbsp;Inhalte&nbsp;wir&nbsp;keinen&nbsp;Einfluss&nbsp;haben.&nbsp;Deshalb&nbsp;k\u00f6nnen&nbsp;wir&nbsp;f\u00fcr&nbsp;diese&nbsp;fremden&nbsp;Inhalte&nbsp;auch&nbsp;keine&nbsp;Gew\u00e4hr&nbsp;\u00fcbernehmen.&nbsp;F\u00fcr&nbsp;die&nbsp;Inhalte&nbsp;der&nbsp;verlinkten&nbsp;Seiten&nbsp;ist&nbsp;stets&nbsp;der&nbsp;jeweilige&nbsp;Anbieter&nbsp;oder&nbsp;Betreiber&nbsp;der&nbsp;Seiten&nbsp;verantwortlich.&nbsp;Die&nbsp;verlinkten&nbsp;Seiten&nbsp;wurden&nbsp;zum&nbsp;Zeitpunkt&nbsp;der&nbsp;Verlinkung&nbsp;auf&nbsp;m\u00f6gliche&nbsp;Rechtsverst\u00f6\u00dfe&nbsp;\u00fcberpr\u00fcft.&nbsp;Rechtswidrige&nbsp;Inhalte&nbsp;waren&nbsp;zum&nbsp;Zeitpunkt&nbsp;der&nbsp;Verlinkung&nbsp;nicht&nbsp;erkennbar.<\/p>\n<p>Eine&nbsp;permanente&nbsp;inhaltliche&nbsp;Kontrolle&nbsp;der&nbsp;verlinkten&nbsp;Seiten&nbsp;ist&nbsp;jedoch&nbsp;ohne&nbsp;konkrete&nbsp;Anhaltspunkte&nbsp;einer&nbsp;Rechtsverletzung&nbsp;nicht&nbsp;zumutbar.&nbsp;Bei&nbsp;Bekanntwerden&nbsp;von&nbsp;Rechtsverletzungen&nbsp;werden&nbsp;wir&nbsp;derartige&nbsp;Links&nbsp;umgehend&nbsp;entfernen.<\/p>\n<h3>Urheberrecht<\/h3>\n<p>Die&nbsp;durch&nbsp;die&nbsp;Seitenbetreiber&nbsp;erstellten&nbsp;Inhalte&nbsp;und&nbsp;Werke&nbsp;auf&nbsp;diesen&nbsp;Seiten&nbsp;unterliegen&nbsp;dem&nbsp;deutschen&nbsp;Urheberrecht.&nbsp;Die&nbsp;Vervielf\u00e4ltigung,&nbsp;Bearbeitung,&nbsp;Verbreitung&nbsp;und&nbsp;jede&nbsp;Art&nbsp;der&nbsp;Verwertung&nbsp;au\u00dferhalb&nbsp;der&nbsp;Grenzen&nbsp;des&nbsp;Urheberrechtes&nbsp;bed\u00fcrfen&nbsp;der&nbsp;schriftlichen&nbsp;Zustimmung&nbsp;des&nbsp;jeweiligen&nbsp;Autors&nbsp;bzw.&nbsp;Erstellers.&nbsp;Downloads&nbsp;und&nbsp;Kopien&nbsp;dieser&nbsp;Seite&nbsp;sind&nbsp;nur&nbsp;f\u00fcr&nbsp;den&nbsp;privaten,&nbsp;nicht&nbsp;kommerziellen&nbsp;Gebrauch&nbsp;gestattet.<\/p>\n<p>Soweit&nbsp;die&nbsp;Inhalte&nbsp;auf&nbsp;dieser&nbsp;Seite&nbsp;nicht&nbsp;vom&nbsp;Betreiber&nbsp;erstellt&nbsp;wurden,&nbsp;werden&nbsp;die&nbsp;Urheberrechte&nbsp;Dritter&nbsp;beachtet.&nbsp;Insbesondere&nbsp;werden&nbsp;Inhalte&nbsp;Dritter&nbsp;als&nbsp;solche&nbsp;gekennzeichnet.&nbsp;Sollten&nbsp;Sie&nbsp;trotzdem&nbsp;auf&nbsp;eine&nbsp;Urheberrechtsverletzung&nbsp;aufmerksam&nbsp;werden,&nbsp;bitten&nbsp;wir&nbsp;um&nbsp;einen&nbsp;entsprechenden&nbsp;Hinweis.&nbsp;Bei&nbsp;Bekanntwerden&nbsp;von&nbsp;Rechtsverletzungen&nbsp;werden&nbsp;wir&nbsp;derartige&nbsp;Inhalte&nbsp;umgehend&nbsp;entfernen.<\/p>\n<p>Quelle:&nbsp;<a href=\"https:\/\/www.e-recht24.de\">e-recht24.de<\/a><\/p>\n<\/div>\t\t\t\t\t\t<\/div>\n\t\t\t\t<\/div>\n\t\t\t\t\t<\/div>\n\t\t<\/div>\n\t\t\t\t\t<\/div>\n\t\t<\/section>\n\t\t\t\t<\/div>\n\t\t","protected":false},"excerpt":{"rendered":"<p>Impressum Angaben&nbsp;gem\u00e4\u00df&nbsp;\u00a7&nbsp;5&nbsp;TMG Medical FitAli Cicek &amp; Mischa LamerzBahnhofstra\u00dfe 5141747 Viersen Kontakt Telefon: 0176 21051812E-Mail: info@medical-fit.de Streitschlichtung Die&nbsp;Europ\u00e4ische&nbsp;Kommission&nbsp;stellt&nbsp;eine&nbsp;Plattform&nbsp;zur&nbsp;Online-Streitbeilegung&nbsp;(OS)&nbsp;bereit:&nbsp;https:\/\/ec.europa.eu\/consumers\/odr.Unsere&nbsp;E-Mail-Adresse&nbsp;finden&nbsp;Sie&nbsp;oben&nbsp;im&nbsp;Impressum. Wir&nbsp;sind&nbsp;nicht&nbsp;bereit&nbsp;oder&nbsp;verpflichtet,&nbsp;an&nbsp;Streitbeilegungsverfahren&nbsp;vor&nbsp;einer&nbsp;Verbraucherschlichtungsstelle&nbsp;teilzunehmen. Haftung&nbsp;f\u00fcr&nbsp;Inhalte Als&nbsp;Diensteanbieter&nbsp;sind&nbsp;wir&nbsp;gem\u00e4\u00df&nbsp;\u00a7&nbsp;7&nbsp;Abs.1&nbsp;TMG&nbsp;f\u00fcr&nbsp;eigene&nbsp;Inhalte&nbsp;auf&nbsp;diesen&nbsp;Seiten&nbsp;nach&nbsp;den&nbsp;allgemeinen&nbsp;Gesetzen&nbsp;verantwortlich.&nbsp;Nach&nbsp;\u00a7\u00a7&nbsp;8&nbsp;bis&nbsp;10&nbsp;TMG&nbsp;sind&nbsp;wir&nbsp;als&nbsp;Diensteanbieter&nbsp;jedoch&nbsp;nicht&nbsp;verpflichtet,&nbsp;\u00fcbermittelte&nbsp;oder&nbsp;gespeicherte&nbsp;fremde&nbsp;Informationen&nbsp;zu&nbsp;\u00fcberwachen&nbsp;oder&nbsp;nach&nbsp;Umst\u00e4nden&nbsp;zu&nbsp;forschen,&nbsp;die&nbsp;auf&nbsp;eine&nbsp;rechtswidrige&nbsp;T\u00e4tigkeit&nbsp;hinweisen. Verpflichtungen&nbsp;zur&nbsp;Entfernung&nbsp;oder&nbsp;Sperrung&nbsp;der&nbsp;Nutzung&nbsp;von&nbsp;Informationen&nbsp;nach&nbsp;den&nbsp;allgemeinen&nbsp;Gesetzen&nbsp;bleiben&nbsp;hiervon&nbsp;unber\u00fchrt.&nbsp;Eine&nbsp;diesbez\u00fcgliche&nbsp;Haftung&nbsp;ist&nbsp;jedoch&nbsp;erst&nbsp;ab&nbsp;dem&nbsp;Zeitpunkt&nbsp;der&nbsp;Kenntnis&nbsp;einer&nbsp;konkreten&nbsp;Rechtsverletzung&nbsp;m\u00f6glich.&nbsp;Bei&nbsp;Bekanntwerden&nbsp;von&nbsp;entsprechenden&nbsp;Rechtsverletzungen&nbsp;werden&nbsp;wir&nbsp;diese&nbsp;Inhalte&nbsp;umgehend&nbsp;entfernen. Haftung f\u00fcr Links Unser&nbsp;Angebot&nbsp;enth\u00e4lt&nbsp;Links&nbsp;zu&nbsp;externen&nbsp;Websites&nbsp;Dritter,&nbsp;auf&nbsp;deren&nbsp;Inhalte&nbsp;wir&nbsp;keinen&nbsp;Einfluss&nbsp;haben.&nbsp;Deshalb&nbsp;k\u00f6nnen&nbsp;wir&nbsp;f\u00fcr&nbsp;diese&nbsp;fremden&nbsp;Inhalte&nbsp;auch&nbsp;keine&nbsp;Gew\u00e4hr&nbsp;\u00fcbernehmen.&nbsp;F\u00fcr&nbsp;die&nbsp;Inhalte&nbsp;der&nbsp;verlinkten&nbsp;Seiten&nbsp;ist&nbsp;stets&nbsp;der&nbsp;jeweilige&nbsp;Anbieter&nbsp;oder&nbsp;Betreiber&nbsp;der&nbsp;Seiten&nbsp;verantwortlich.&nbsp;Die&nbsp;verlinkten&nbsp;Seiten&nbsp;wurden&nbsp;zum&nbsp;Zeitpunkt&nbsp;der&nbsp;Verlinkung&nbsp;auf&nbsp;m\u00f6gliche&nbsp;Rechtsverst\u00f6\u00dfe&nbsp;\u00fcberpr\u00fcft.&nbsp;Rechtswidrige&nbsp;Inhalte&nbsp;waren&nbsp;zum&nbsp;Zeitpunkt&nbsp;der&nbsp;Verlinkung&nbsp;nicht&nbsp;erkennbar. Eine&nbsp;permanente&nbsp;inhaltliche&nbsp;Kontrolle&nbsp;der&nbsp;verlinkten&nbsp;Seiten&nbsp;ist&nbsp;jedoch&nbsp;ohne&nbsp;konkrete&nbsp;Anhaltspunkte&nbsp;einer&nbsp;Rechtsverletzung&nbsp;nicht&nbsp;zumutbar.&nbsp;Bei&nbsp;Bekanntwerden&nbsp;von&nbsp;Rechtsverletzungen&nbsp;werden&nbsp;wir&nbsp;derartige&nbsp;Links&nbsp;umgehend&nbsp;entfernen. Urheberrecht Die&nbsp;durch&nbsp;die&nbsp;Seitenbetreiber&nbsp;erstellten&nbsp;Inhalte&nbsp;und&nbsp;Werke&nbsp;auf&nbsp;diesen&nbsp;Seiten&nbsp;unterliegen&nbsp;dem&nbsp;deutschen&nbsp;Urheberrecht.&nbsp;Die&nbsp;Vervielf\u00e4ltigung,&nbsp;Bearbeitung,&nbsp;Verbreitung&nbsp;und&nbsp;jede&nbsp;Art&nbsp;der&nbsp;Verwertung&nbsp;au\u00dferhalb&nbsp;der&nbsp;Grenzen&nbsp;des&nbsp;Urheberrechtes&nbsp;bed\u00fcrfen&nbsp;der&nbsp;schriftlichen&nbsp;Zustimmung&nbsp;des&nbsp;jeweiligen&nbsp;Autors&nbsp;bzw.&nbsp;Erstellers.&nbsp;Downloads&nbsp;und&nbsp;Kopien&nbsp;dieser&nbsp;Seite&nbsp;sind&nbsp;nur&nbsp;f\u00fcr&nbsp;den&nbsp;privaten,&nbsp;nicht&nbsp;kommerziellen&nbsp;Gebrauch&nbsp;gestattet. Soweit&nbsp;die&nbsp;Inhalte&nbsp;auf&nbsp;dieser&nbsp;Seite&nbsp;nicht&nbsp;vom&nbsp;Betreiber&nbsp;erstellt&nbsp;wurden,&nbsp;werden&nbsp;die&nbsp;Urheberrechte&nbsp;Dritter&nbsp;beachtet.&nbsp;Insbesondere&nbsp;werden&nbsp;Inhalte&nbsp;Dritter&nbsp;als&nbsp;solche&nbsp;gekennzeichnet.&nbsp;Sollten&nbsp;Sie&nbsp;trotzdem&nbsp;auf&nbsp;eine&nbsp;Urheberrechtsverletzung&nbsp;aufmerksam&nbsp;werden,&nbsp;bitten&nbsp;wir&nbsp;um&nbsp;einen&nbsp;entsprechenden&nbsp;Hinweis.&nbsp;Bei&nbsp;Bekanntwerden&nbsp;von&nbsp;Rechtsverletzungen&nbsp;werden&nbsp;wir&nbsp;derartige&nbsp;Inhalte&nbsp;umgehend&nbsp;entfernen. Quelle:&nbsp;e-recht24.de<\/p>\n","protected":false},"author":1,"featured_media":0,"parent":0,"menu_order":0,"comment_status":"closed","ping_status":"closed","template":"","meta":{"_monsterinsights_skip_tracking":false,"_monsterinsights_sitenote_active":false,"_monsterinsights_sitenote_note":"","_monsterinsights_sitenote_category":0,"ocean_post_layout":"","ocean_both_sidebars_style":"","ocean_both_sidebars_content_width":0,"ocean_both_sidebars_sidebars_width":0,"ocean_sidebar":"","ocean_second_sidebar":"","ocean_disable_margins":"enable","ocean_add_body_class":"","ocean_shortcode_before_top_bar":"","ocean_shortcode_after_top_bar":"","ocean_shortcode_before_header":"","ocean_shortcode_after_header":"","ocean_has_shortcode":"","ocean_shortcode_after_title":"","ocean_shortcode_before_footer_widgets":"","ocean_shortcode_after_footer_widgets":"","ocean_shortcode_before_footer_bottom":"","ocean_shortcode_after_footer_bottom":"","ocean_display_top_bar":"default","ocean_display_header":"default","ocean_header_style":"","ocean_center_header_left_menu":"","ocean_custom_header_template":"","ocean_custom_logo":0,"ocean_custom_retina_logo":0,"ocean_custom_logo_max_width":0,"ocean_custom_logo_tablet_max_width":0,"ocean_custom_logo_mobile_max_width":0,"ocean_custom_logo_max_height":0,"ocean_custom_logo_tablet_max_height":0,"ocean_custom_logo_mobile_max_height":0,"ocean_header_custom_menu":"","ocean_menu_typo_font_family":"","ocean_menu_typo_font_subset":"","ocean_menu_typo_font_size":0,"ocean_menu_typo_font_size_tablet":0,"ocean_menu_typo_font_size_mobile":0,"ocean_menu_typo_font_size_unit":"px","ocean_menu_typo_font_weight":"","ocean_menu_typo_font_weight_tablet":"","ocean_menu_typo_font_weight_mobile":"","ocean_menu_typo_transform":"","ocean_menu_typo_transform_tablet":"","ocean_menu_typo_transform_mobile":"","ocean_menu_typo_line_height":0,"ocean_menu_typo_line_height_tablet":0,"ocean_menu_typo_line_height_mobile":0,"ocean_menu_typo_line_height_unit":"","ocean_menu_typo_spacing":0,"ocean_menu_typo_spacing_tablet":0,"ocean_menu_typo_spacing_mobile":0,"ocean_menu_typo_spacing_unit":"","ocean_menu_link_color":"","ocean_menu_link_color_hover":"","ocean_menu_link_color_active":"","ocean_menu_link_background":"","ocean_menu_link_hover_background":"","ocean_menu_link_active_background":"","ocean_menu_social_links_bg":"","ocean_menu_social_hover_links_bg":"","ocean_menu_social_links_color":"","ocean_menu_social_hover_links_color":"","ocean_disable_title":"default","ocean_disable_heading":"default","ocean_post_title":"","ocean_post_subheading":"","ocean_post_title_style":"","ocean_post_title_background_color":"","ocean_post_title_background":0,"ocean_post_title_bg_image_position":"","ocean_post_title_bg_image_attachment":"","ocean_post_title_bg_image_repeat":"","ocean_post_title_bg_image_size":"","ocean_post_title_height":0,"ocean_post_title_bg_overlay":0.5,"ocean_post_title_bg_overlay_color":"","ocean_disable_breadcrumbs":"default","ocean_breadcrumbs_color":"","ocean_breadcrumbs_separator_color":"","ocean_breadcrumbs_links_color":"","ocean_breadcrumbs_links_hover_color":"","ocean_display_footer_widgets":"default","ocean_display_footer_bottom":"default","ocean_custom_footer_template":"","footnotes":""},"_links":{"self":[{"href":"https:\/\/medical-fit-viersen.de\/index.php\/wp-json\/wp\/v2\/pages\/7"}],"collection":[{"href":"https:\/\/medical-fit-viersen.de\/index.php\/wp-json\/wp\/v2\/pages"}],"about":[{"href":"https:\/\/medical-fit-viersen.de\/index.php\/wp-json\/wp\/v2\/types\/page"}],"author":[{"embeddable":true,"href":"https:\/\/medical-fit-viersen.de\/index.php\/wp-json\/wp\/v2\/users\/1"}],"replies":[{"embeddable":true,"href":"https:\/\/medical-fit-viersen.de\/index.php\/wp-json\/wp\/v2\/comments?post=7"}],"version-history":[{"count":3,"href":"https:\/\/medical-fit-viersen.de\/index.php\/wp-json\/wp\/v2\/pages\/7\/revisions"}],"predecessor-version":[{"id":10,"href":"https:\/\/medical-fit-viersen.de\/index.php\/wp-json\/wp\/v2\/pages\/7\/revisions\/10"}],"wp:attachment":[{"href":"https:\/\/medical-fit-viersen.de\/index.php\/wp-json\/wp\/v2\/media?parent=7"}],"curies":[{"name":"wp","href":"https:\/\/api.w.org\/{rel}","templated":true}]}}